ber?
True
Is 139739687111 a composite number?
False
Is 28437570017 a composite number?
False
Is 2520505261 a composite number?
False
Is 4424577389 composite?
False
Is 2623359917 a prime number?
True
Is 166929601141 prime?
True
Is 138873857 prime?
False
Is 289421183 prime?
False
Is 15395130659 prime?
False
Is 7030160378 a composite number?
True
Is 89568415819 prime?
True
Is 111028079293 composite?
False
Is 17604418511 prime?
False
Is 1549712915 a prime number?
False
Is 4883188099 prime?
True
Is 632959291 a composite number?
False
Is 64059500377 composite?
False
Is 19670134535 composite?
True
Is 54437795 prime?
False
Is 11291078 a prime number?
False
Is 6244487443 a composite number?
False
Is 4667648617 a prime number?
True
Is 5353465651 prime?
False
Is 86671391 prime?
False
Is 779734421 composite?
True
Is 2585437397 prime?
True
Is 15717986671 prime?
True
Is 3732032387 a prime number?
True
Is 246291949 a composite number?
True
Is 13282166939 prime?
True
Is 3651627971 a composite number?
True
Is 1031356751 prime?
False
Is 1700492282 prime?
False
Is 75404918243 composite?
True
Is 2522880809 prime?
False
Is 2596957931 prime?
False
Is 4789994399 composite?
False
Is 14940554089 prime?
False
Is 185160299 composite?
False
Is 989057885 a prime number?
False
Is 44423929019 a prime number?
True
Is 148037794547 a composite number?
False
Is 21685296863 a composite number?
True
Is 13729651657 a prime number?
False
Is 26437937717 prime?
False
Is 21853616255 composite?
True
Is 31270431323 composite?
False
Is 1441829471 composite?
True
Is 4327900021 composite?
False
Is 96130883 a prime number?
False
Is 71464595513 prime?
False
Is 746140151 a prime number?
True
Is 4419788293 a prime number?
True
Is 9027516229 prime?
False
Is 9810058091 composite?
True
Is 295575881 prime?
False
Is 350464213 prime?
False
Is 14882823965 prime?
False
Is 5137824221 composite?
False
Is 1527133763 a composite number?
False
Is 2626864039 prime?
False
Is 64337981 prime?
False
Is 70301583601 a composite number?
False
Is 9304201327 a composite number?
True
Is 1674609161 a composite number?
True
Is 1527500521 a composite number?
True
Is 140304539 prime?
False
Is 2194557083 prime?
True
Is 2079265327 composite?
True
Is 20596546517 a composite number?
False
Is 36387962162 a composite number?
True
Is 7050166463 prime?
True
Is 19127741 a composite number?
True
Is 3290246027 prime?
False
Is 153804910411 a prime number?
False
Is 164311957 a composite number?
False
Is 12653587853 a prime number?
True
Is 198654149 composite?
False
Is 152989279 a prime number?
True
Is 518509177 composite?
False
Is 20053477 a composite number?
True
Is 282206521 composite?
True
Is 11873496821 a composite number?
False
Is 1443686537 composite?
False
Is 250115401 a prime number?
False
Is 39919684471 a prime number?
False
Is 94258204297 prime?
False
Is 18203421073 composite?
True
Is 1180951049 a prime number?
False
Is 2486031451 a prime number?
False
Is 426163031 composite?
True
Is 38431483 a prime number?
False
Is 25212893141 composite?
True
Is 1480815503 a prime number?
False
Is 5042814893 a composite number?
True
Is 270932489 a composite number?
False
Is 801002677 a composite number?
True
Is 1537277803 prime?
True
Is 3201659489 a prime number?
False
Is 221087713849 prime?
True
Is 3025833509 a prime number?
True
Is 67128637999 composite?
True
Is 893756231 prime?
False
Is 9875455349 composite?
True
Is 1005268631 a prime number?
True
Is 47927887739 prime?
True
Is 714687749 composite?
True
Is 45575873797 prime?
False
Is 1725203041 a prime number?
False
Is 8596204429 prime?
True
Is 3000544849 composite?
True
Is 7691945441 prime?
True
Is 1185973627 a composite number?
False
Is 7509996239 a prime number?
True
Is 1146356521 prime?
True
Is 6876097721 prime?
False
Is 49730800061 prime?
True
Is 11184904691 composite?
True
Is 21240071323 prime?
False
Is 129643481 a prime number?
False
Is 101328480221 composite?
True
Is 12242510317 composite?
False
Is 2143085561 a prime number?
True
Is 198290249429 prime?
False
Is 640367537 a composite number?
False
Is 133064471 a prime number?
False
Is 23121580903 a prime number?
False
Is 34014863 a prime number?
True
Is 92968958359 composite?
True
Is 14812053787 a prime number?
True
Is 165836631347 a composite number?
False
Is 5303195099 prime?
True
Is 8333712743 a prime number?
True
Is 1706693273 a prime number?
False
Is 543843673 prime?
True
Is 1850239555 composite?
True
Is 16955358185 a composite number?
True
Is 146578357 composite?
True
Is 3211134427 composite?
False
Is 1979296037 a composite number?
True
Is 1158971827 composite?
True
Is 655723403 a composite number?
True
Is 133229759 a composite number?
True
Is 386884441 a prime number?
False
Is 6298330501 a composite number?
True
Is 338730923 composite?
False
Is 82795014557 a prime number?
True
Is 14355253061 prime?
True
Is 4838951563 a composite number?
False
Is 4987066541 prime?
False
Is 11450153719 composite?
True
Is 5187963683 a prime number?
False
Is 224099377 prime?
True
Is 1677247265 a composite number?
True
Is 1717931993 prime?
False
Is 82300600273 a composite number?
False
Is 634635523 a prime number?
True
Is 516865367 composite?
False
Is 37459537827 composite?
True
Is 665861195 prime?
False
Is 347524113 a prime number?
False
Is 790767881 a prime number?
True
Is 1577479573 a composite number?
True
Is 395886433 prime?
False
Is 368902598 a composite number?
True
Is 202771579 a prime number?
True
Is 1233880799 a prime number?
True
Is 7880488997 a composite number?
False
Is 4671691159 prime?
True
Is 1879690603 a prime number?
False
Is 75845125571 prime?
True
Is 95872547 composite?
False
Is 613288961 composite?
True
Is 3169555999 a prime number?
True
Is 8210685311 a composite number?
False
Is 6393305213 composite?
True
Is 2056947703 a prime number?
False
Is 76169838137 a composite number?
False
Is 1277802173 composite?
False
Is 3252558137 a prime number?
False
Is 24089870653 prime?
False
Is 183011033 a prime number?
False
Is 1581310373 a composite number?
True
Is 2701387529 a prime number?
False
Is 26368857689 a prime number?
False
Is 25826979043 a prime number?
True
Is 37594250999 prime?
True
Is 105229121 prime?
True
Is 31805167 a prime number?
True
Is 3668841431 prime?
True
Is 240589553 composite?
False
Is 1860912617 a composite number?
True
Is 995478743 prime?
False
Is 2071385579 a composite number?
True
Is 59890242679 composite?
False
Is 7354643767 a composite number?
False
Is 104138333485 prime?
False
Is 261483569 prime?
False
Is 239461867891 prime?
False
Is 2416013069 a prime number?
True
Is 8592776917 a prime number?
False
Is 5756726091 composite?
True
Is 3716862311 a prime number?
True
Is 3684342007 prime?
False
Is 143047234189 a prime number?
False
Is 11458079 prime?
True
Is 1346805857 prime?
True
Is 1088585413 a prime number?
False
Is 2013805219 composite?
True
Is 362117521 prime?
True
Is 544983983 a prime number?
True
Is 476707624771 a prime number?
False
Is 7429318319 a composite number?
True
Is 738292879 prime?
True
Is 121456367 prime?
False
Is 5159552399 a composite number?
False
Is 1790077451 a composite number?
True
Is 1500713567 a prime number?
False
Is 232354201 a composite number?
False
Is 4469176277 a composite number?
False
Is 456542207 prime?
False
Is 1620859613 a composite number?
False
Is 1172501387 a prime number?
False
Is 51583981057 prime?
False
Is 792108809 prime?
False
Is 303106589 a composite number?
True
Is 50083261663 a prime number?
True
Is 3913636007 a composite number?
False
Is 626028157 composite?
True
Is 2647017179 a composite number?
False
Is 10128462121 a prime number?
True
Is 37177305521 a composite number?
False
Is 89758150099 a prime number?
True
Is 72769223893 a composite number?
False
Is 19440793363 prime?
False
Is 77464681 a prime number?
False
Is 26616467 a composite number?
True
Is 810714433 a prime number?
True
Is 32899581413 a prime number?
True
Is 12560137615 a composite number?
True
Is 139316187587 composite?
False
Is 235534357 prime?
True
Is 514535467 composite?
True
Is 1380191909 composite?
True
Is 16972931 a prime number?
True
Is 592400729 composite?
True
Is 117055507451 a prime number?
False
Is 1358882587 a composite number?
True
Is 36015906799 composite?
True
Is 9381811381 pri